266, -4*i + t + 281 = 4*t. Let o = -33 + i. What is the remainder when o is divided by ((-12)/7)/((-2)/14)?
11
Let q be 5 - (-2 - -4 - 2). Suppose 3 = -l, 5*l + 17 + 53 = q*s. What is the remainder when 32 is divided by (s/3)/((-3)/(-9))?
10
Let l(o) = 58*o**2 + 3*o + 1. Let h be l(-2). Suppose -56 = 3*u - h. Calculate the remainder when u is divided by 20.
17
Suppose 0 = 5*n + c - 10, 2*n - c - 4 = -2*c. Suppose g + 8 = n. What is the remainder when (-662)/(-18) - g/27 is divided by 13?
11
Suppose -5*d + d = 3*z - 53, 2*z = -d + 37. What is the remainder when 788/14 + 4/(-14) is divided by z?
18
Let s = 16 - 12. Calculate the remainder when s is divided by 3.
1
Suppose -5*j + j = 2*x - 18, 4*j - 33 = -5*x. Let d = -29 - -46. Calculate the remainder when d is divided by x.
2
Suppose -2*f - 5*d + 2 = -8, 5*d = -4*f + 30. Calculate the remainder when 11 is divided by f.
1
Suppose b - 67 + 13 = -3*q, 0 = b - 5*q - 94. What is the remainder when b is divided by 35?
34
Calculate the remainder when 47 is divided by (8/24)/(1/48).
15
Let g be 0/(-3 - (-5 - -1)). Suppose 3*b + 4*i - 80 = g, -b = -2*i + 4*i - 28. Suppose 4*c = 7*c - 27. Calculate the remainder when b is divided by c.
6
Suppose -29*x + 53 = -28*x. Calculate the remainder when x is divided by 27.
26
Suppose -11 = -2*o + 15. Calculate the remainder when 51 is divided by o.
12
What is the remainder when 39 is divided by -4 - -6 - (-5 + -3)?
9
Suppose -2*u + 1 = -27. Calculate the remainder when u is divided by 5.
4
Let y(a) = 4*a**2 + 2*a - 1. Let m be y(1). Let z = m - -2. Calculate the remainder when 18 is divided by z.
4
Suppose 2*a = -d + 225, -3*a + 165 = -2*d - 162. What is the remainder when a is divided by 28?
27
Calculate the remainder when 20 is divided by 13/2*(-22)/(-11).
7
Let y = 24 + -12. Let d = 22 - y. Suppose -d = -p - p. What is the remainder when p is divided by 3?
2
Let l(k) = -37*k + 4. Let i(a) = -12*a + 1. Let r(v) = 7*i(v) - 2*l(v). Calculate the remainder when r(-3) is divided by 15.
14
Let d(j) = 47*j**2 - 3*j + 2. What is the remainder when d(1) is divided by 17?
12
Let o(z) = 2*z**3 - 2*z**2 + 2. What is the remainder when 29 is divided by o(2)?
9
Suppose b - 3*b + 18 = 0. Calculate the remainder when b is divided by 4.
1
Let v be (1 - 3) + 0/4. Let s = v + 22. Suppose -s = -4*d - 4. What is the remainder when 7 is divided by d?
3
Let o(i) = -i**3 - 8*i**2 - 4*i + 1. Let z = -7 - 1. Calculate the remainder when 98 is divided by o(z).
32
Let a = 26 + -14. What is the remainder when 22 is divided by a?
10
Suppose x + 4*x - 50 = 0. What is the remainder when ((-28)/2*2)/(-1) is divided by x?
8
Suppose 0 = k - 2 - 6. Suppose 0 = -k*t + 10*t - 24. Calculate the remainder when t is divided by 7.
5
Let w(o) be the second derivative of o**3/6 + 2*o**2 - 2*o. Let u be w(-3). Calculate the remainder when 10 is divided by (u + -2)/1 - -7.
4
Suppose 4*q - 219 + 47 = 0. Let h = 68 + 8. Suppose 5*i + 35 = t, 4*t - i = 3*i + h. Calculate the remainder when q is divided by t.
13
Calculate the remainder when 60 is divided by (-204)/18*9/(-6).
9
Let r(k) = 18*k**2 - 11*k + 5. Calculate the remainder when r(4) is divided by 50.
49
Let m(k) = k**2 + 28. Let x be m(0). Suppose f = 40 + x. What is the remainder when f is divided by 14?
12
Suppose 17 = 2*c - 3*t - 0*t, t = -3*c + 20. Calculate the remainder when c is divided by 5.
2
Let h = -38 - -49. What is the remainder when 32 is divided by h?
10
Suppose 0 = -3*v - 6 + 39. Let f = 4 + 16. What is the remainder when f is divided by v?
9
Let n(k) = k**3 + 12*k**2 + 12*k - 6. Let f be n(-11). Let r = f + 29. Let b = -15 - -22. Calculate the remainder when r is divided by b.
5
Suppose -6*d + 15 = -d. Suppose -40 + 130 = d*s. Calculate the remainder when 89 is divided by s.
29
Let z(h) = -2*h + 6. What is the remainder when 7 is divided by z(0)?
1
Let s = -51 - -17. What is the remainder when (s/(-4))/(2/4) is divided by ((-14)/(-7))/((-2)/(-9))?
8
Let g = 102 - 72. Let c = -1 + g. Calculate the remainder when c is divided by 15.
14
Suppose z - 50 = -17. Calculate the remainder when z is divided by 23.
10
Let x = -4 + 7. Suppose 19 = x*j + 3*y - 17, -3*j + 5*y + 52 = 0. What is the remainder when j is divided by 4?
2
Suppose -25 = -5*j + 2*g + 3, 0 = -2*g - 8. What is the remainder when ((-6)/j)/((-12)/344) is divided by 23?
20
Suppose 3587 = 21*i - 4*i. Calculate the remainder when i is divided by 53.
52
Let y = -40 - -46. What is the remainder when 8 is divided by y?
2
Let m = 91 - 83. Suppose 0 = -x - 3*x + 124. Calculate the remainder when x is divided by m.
7
Suppose -5*k = -66 + 6. Suppose 0*o - k = -2*o + 2*q, 2*q - 28 = -2*o. Calculate the remainder when 19 is divided by o.
9
What is the remainder when 32 is divided by ((-6)/12)/((-1)/34)?
15
Let o = -34 - -170. What is the remainder when o is divided by 35?
31
Suppose 20 = -4*t, 60 - 15 = 5*p + t. Let z be (1/3)/((-1)/3). Let k = z + 7. What is the remainder when p is divided by k?
4
Let h(x) = -x**3 + 6*x**2 + 11*x + 2. Let a be h(8). Let p = -27 - a. Calculate the remainder when 21 is divided by p.
10
Suppose -3*r = -1 + 4. Calculate the remainder when 16/(r*6/(-3)) is divided by 3.
2
Let q = 88 + -48. What is the remainder when q is divided by 11?
7
Suppose 14 = 3*w - 13. What is the remainder when w is divided by 5?
4
Suppose -2*y - 3*p + 33 = 0, 0*y + 2*y - 3 = 3*p. Suppose 0 = 4*c - 7 - y. Let r(o) = 15*o**2 - 1. What is the remainder when r(1) is divided by c?
2
Suppose -5 = 5*d - 0*d, 0 = 3*l - 4*d - 16. Suppose l*j - 53 = -o, 4*o + 40 = 3*j + 5*o. Calculate the remainder when j is divided by 7.
6
Let m(b) = b**3 - 22*b**2 + 21*b + 28. Calculate the remainder when m(21) is divided by 17.
11
Suppose 0 = -a + 5*d - 13 + 86, 5*a + 3*d - 253 = 0. What is the remainder when a is divided by 14?
11
Let k = 2 + 4. Calculate the remainder when k is divided by 2.
0
Let t = -43 - -79. Let s = -21 + t. Calculate the remainder when 29 is divided by (s/12)/(1/8).
9
Let h(a) = -a**3 - 4*a**2 + 6*a + 7. Let i be h(-5). Let o = 5 - i. What is the remainder when 5 is divided by o?
2
Suppose -4*g - 572 = -8*g. Suppose 4*k = g - 7. Let v = -29 + 41. Calculate the remainder when k is divided by v.
10
Let p = -2 - -17. Calculate the remainder when p is divided by 9.
6
Let r = 13 + 9. What is the remainder when r is divided by 2/(-7) + 638/77?
6
Suppose -5*a + 265 = 30. What is the remainder when 88 is divided by a?
41
Let x = 39 - 21. What is the remainder when x is divided by 2?
0
Let t be (-6 - -2)/(-2*1). Let b(v) = v**2. Let s(j) = -10*j**2 + 2*j + 2. Let z(d) = -5*b(d) - s(d). Calculate the remainder when z(t) is divided by 5.
4
Suppose -3*t + 3 = 5*m - 2, -4*m - 4 = 4*t. Let h = m - 1. Suppose 4*o + 2*b - 36 = 0, 25 = 3*o + 2*b - b. Calculate the remainder when o is divided by h.
1
Let x be (-1)/4 - (-1)/4. Suppose -3*q - 2*q + 105 = x. Calculate the remainder when q is divided by 12.
9
Suppose -8 = -4*y + 40. What is the remainder when 30 is divided by y?
6
Let g = 105 + -71. Let c(j) = j**3 + 10*j**2 + 8*j + 3. What is the remainder when g is divided by c(-9)?
10
Calculate the remainder when 51 is divided by (8/4 + 11)*2.
25
Suppose 5*y - 30 = -0*y. What is the remainder when y is divided by 2?
0
Let y = 24 + -9. Let g(a) = 8*a**2 + 4*a - 1. What is the remainder when g(-3) is divided by y?
14
Let b be (-16)/(-3) + (-4)/(-6). Suppose 0 = -5*z - m + b*m, m = 3*z - 10. Let w(a) = -2*a - 27. What is the remainder when z is divided by w(-15)?
2
Suppose -8*o + 186 - 18 = 0. Calculate the remainder when o is divided by -1 - 0 - 18/(-2).
5
Suppose -n - 4 + 8 = 0. What is the remainder when 5 is divided by n?
1
What is the remainder when (48 + -1)*(-1 + 2) is divided by (-4)/10 - 744/(-60)?
11
Suppose 4*t - 384 = 108. Calculate the remainder when t is divided by 14.
11
Suppose 5*m = 3*u - 15 - 12, 5*u = m + 23. Suppose -u*n - 3 = -35. What is the remainder when 22 is divided by n?
6
Suppose -2*b + 3*a = -11, -a - 13 = -2*b - b. What is the remainder when 6 is divided by b?
2
Let b be (-2)/(-5)*(2 - -8). Suppose -y + b = -8. What is the remainder when 35 is divided by y?
11
Let v be (-2)/(-3) - 152/12. Calculate the remainder when 525/18 + 2/v is divided by 15.
14
Suppose 4*q - 5*k = -